{"id":171,"date":"2017-07-12T09:51:35","date_gmt":"2017-07-12T07:51:35","guid":{"rendered":"http:\/\/hausundwohnen.de\/Word\/wordpress\/?page_id=171"},"modified":"2021-02-19T13:50:28","modified_gmt":"2021-02-19T12:50:28","slug":"jobs","status":"publish","type":"page","link":"https:\/\/hausundwohnen.de\/?page_id=171","title":{"rendered":"Jobs"},"content":{"rendered":"<p><strong id=\"Baufinanzierungsberater\">Baufinanzierungsberater<\/strong><\/p>\n<p>Wir suchen:<\/p>\n<p>Motivierte und engagierte Finanzierungsberater, die entweder eine abgeschlossene Ausbildung als Bankkaufmann \/ -frau oder mindestens 1 Jahr Erfahrung in der Baufinanzierungsberatung gesammelt haben. Ihre F\u00e4higkeiten im Umgang mit Zahlen, Menschen und deren Pers\u00f6nlichkeiten runden Ihr Profil ab. F\u00fcr junge Nachwuchstalente mit einer kaufm\u00e4nnischen Ausbildung und einem Gef\u00fchl f\u00fcr Zahlen bieten wir eine Ausbildung zum Baufinanzierer\/in.<\/p>\n<p>Ihre Aufgaben:<\/p>\n<p>Zu Ihren Aufgaben z\u00e4hlt die konkrete Bedarfsermittlung des Finanzierungsumfangs, sowie die Erstellung eines darstellbaren und optimalen Finanzierungskonzeptes f\u00fcr unsere Kunden gegen\u00fcber unseren Partnern. Sie ermitteln die bestm\u00f6glichen Finanzierungsstrategien f\u00fcr unsere Kunden und beraten als kompetenter Partner. Sie sind Ansprechpartner\/-in gegen\u00fcber Banken und Bausparkassen zur Interessenvertretung unserer Kunden. Ihr Anspruch ist es, unseren Kunden bestm\u00f6gliche Transparenz durch Best-Selection zu bieten, um somit das Finanzierungsoptimum im Sinne der Kunden zu erlangen.<\/p>\n<p>Wir bieten:<\/p>\n<ul>\n<li>erfolgreiches Marketingkonzept<\/li>\n<li>gro\u00dfer Kundenstamm zufriedener Kunden<\/li>\n<li>reichlich Empfehlungskunden<\/li>\n<li>reichlich Interessentenanfragen (Leads)<\/li>\n<li>Einsatz in der N\u00e4he Ihres Wohnortes<\/li>\n<li>Mitglied eines Dienstleistungszentrums mit Hausverk\u00e4ufern und Maklern<\/li>\n<li>sehr gute Aus- und Weiterbildung durch beste Trainer und bestm\u00f6gliche Trainingsmethoden<\/li>\n<li>totale Unabh\u00e4ngigkeit gegen\u00fcber Banken und Bausparkassen<\/li>\n<li>gro\u00dfes Partnernetz von \u00fcber 100 Banken und Bausparkassen<\/li>\n<li>fast immer die g\u00fcnstigsten Zinskonditionen am Markt \u00fcber eine Bankenplattform<\/li>\n<li>Aufstiegsm\u00f6glichkeit zu einer F\u00fchrungskraft<\/li>\n<li>Nebenberufliche Ausbildung mit hohem Zusatzverdienst m\u00f6glich<\/li>\n<\/ul>\n<p>Sie stellen gerade fest, dass Ihr Profil genau zu unserer Vorstellung passt? Dann sollten Sie keine Zeit verlieren und sich schnellstm\u00f6glich bei uns bewerben.<\/p>\n<p><img loading=\"lazy\" decoding=\"async\" class=\"alignleft size-full wp-image-20\" src=\"http:\/\/hausundwohnen.de\/Word\/wordpress\/wp-content\/uploads\/2017\/07\/Logo.jpg\" alt=\"\" width=\"200\" height=\"114\" \/>Haus &amp; Wohnen GmbH<br \/>Sch\u00f6ne Aussicht 12<br \/>57520 Emmerzhausen<br \/>Tel.: 02743 \/ 9200-00<br \/>E-Mail: Info@Hausundwohnen.de<\/p>\n<hr \/>\n<p id=\"Gebrauchtimmobilien\"><strong>Verk\u00e4ufer f\u00fcr Gebrauchtimmobilien<\/strong><\/p>\n<p>Wir suchen:<\/p>\n<p>Motivierte und engagierte Verkaufstalente. Auch branchenfremde Verkaufstalente werden von uns geschult und eingearbeitet. Ihre F\u00e4higkeiten im Umgang mit Menschen und besonders Ihr Einf\u00fchlungsverm\u00f6gen runden Ihr Profil ab.<\/p>\n<p>Ihre Aufgaben:<\/p>\n<p>Zu Ihren Aufgaben z\u00e4hlt der Immobilieneinkauf, die Objektbewertung sowie die marktpreisgerechte Vermarktung der H\u00e4user. Sie bilden das Bindeglied und den Vermittler zwischen den Verk\u00e4ufern und K\u00e4ufern der Immobilien.<\/p>\n<p>Wir bieten:<\/p>\n<ul>\n<li>erfolgreiches Marketingkonzept<\/li>\n<li>gro\u00dfer Kundenstamm zufriedener Kunden<\/li>\n<li>reichlich Interessentenanfragen<\/li>\n<li>Einsatz in der N\u00e4he Ihres Wohnortes<\/li>\n<li>Musterhaus<\/li>\n<li>seit 40 Jahren eine erfolgreiche Marke<\/li>\n<li>sehr gute Aus- und Weiterbildung durch beste Trainer und bestm\u00f6gliche Trainingsmethoden<\/li>\n<li>gutes Betriebsklima<\/li>\n<li>absolvieren Sie das DIG-Schulungskonzept und werden Sie Teil eines Profi-Teams<\/li>\n<li>Aufstiegsm\u00f6glichkeit zu einer F\u00fchrungskraft<\/li>\n<li>Nebenberufliche Ausbildung mit hohem Zusatzverdienst m\u00f6glich<\/li>\n<\/ul>\n<p>Sie stellen gerade fest, dass Ihr Profil genau zu unserer Vorstellung passt? Dann sollten Sie keine Zeit verlieren und sich schnellstm\u00f6glich bei uns bewerben.<\/p>\n<p><img loading=\"lazy\" decoding=\"async\" class=\"alignleft size-medium wp-image-189\" src=\"http:\/\/hausundwohnen.de\/Word\/wordpress\/wp-content\/uploads\/2017\/07\/DIG-Immobilien-Logo-Immonet-300x300.jpg\" alt=\"\" width=\"200\" height=\"200\" srcset=\"https:\/\/hausundwohnen.de\/wp-content\/uploads\/2017\/07\/DIG-Immobilien-Logo-Immonet-300x300.jpg 300w, https:\/\/hausundwohnen.de\/wp-content\/uploads\/2017\/07\/DIG-Immobilien-Logo-Immonet-150x150.jpg 150w, https:\/\/hausundwohnen.de\/wp-content\/uploads\/2017\/07\/DIG-Immobilien-Logo-Immonet-200x200.jpg 200w, https:\/\/hausundwohnen.de\/wp-content\/uploads\/2017\/07\/DIG-Immobilien-Logo-Immonet.jpg 366w\" sizes=\"auto, (max-width: 200px) 100vw, 200px\" \/>DIG Immobilien-Vertriebs GmbH<br \/>Sch\u00f6ne Aussicht 12<br \/>57520 Emmerzhausen<br \/>Tel.: 02743 \/ 9200-31<br \/>Fax: 02743 \/ 9200-29<br \/>E-Mail: Info@DIG-Immobilien.de<\/p>\n<hr \/>\n<p id=\"Hausverkaeufer\"><strong>Hausverk\u00e4ufer<\/strong><\/p>\n<p>Wir suchen:<\/p>\n<p>Motivierte und engagierte Verkaufstalente. Auch branchenfremde Verkaufstalente werden von uns geschult und eingearbeitet. Ihre F\u00e4higkeiten im Umgang mit Menschen und besonders Ihr Einf\u00fchlungsverm\u00f6gen runden Ihr Profil ab.<\/p>\n<p>Ihre Aufgaben:<\/p>\n<p>Zu Ihren Aufgaben geh\u00f6rt die Beratung und Betreuung unserer Neubauinteressenten. Sie begleiten unsere Kunden vom ersten Kontakt bis zur Schl\u00fcssel\u00fcbergabe des neuen Hauses. Sie bilden das Bindeglied zwischen dem Unternehmen und dem Kunden.<\/p>\n<p>Wir bieten:<\/p>\n<ul>\n<li>erfolgreiches Marketingkonzept<\/li>\n<li>beste Produktpalette der Branche<\/li>\n<li>Grundst\u00fccksb\u00f6rse<\/li>\n<li>gro\u00dfer Kundenstamm zufriedener Kunden<\/li>\n<li>reichlich Interessentenanfragen<\/li>\n<li>Einsatz in der N\u00e4he Ihres Wohnortes<\/li>\n<li>Musterhaus<\/li>\n<li>sehr gute Aus- und Weiterbildung durch beste Trainer und bestm\u00f6gliche Trainingsmethoden<\/li>\n<li>gutes Betriebsklima<\/li>\n<li>absolvieren Sie das DIG-Schulungskonzept und werden Sie Teil eines Profi-Teams<\/li>\n<li>Aufstiegsm\u00f6glichkeiten zu einer F\u00fchrungskraft<\/li>\n<li>Nebenberufliche Ausbildung mit hohem Zusatzverdienst m\u00f6glich<\/li>\n<\/ul>\n<p>Sie stellen gerade fest, dass Ihr Profil genau zu unserer Vorstellung passt? Dann sollten Sie keine Zeit verlieren und sich schnellstm\u00f6glich bei uns bewerben.<\/p>\n<p><img loading=\"lazy\" decoding=\"async\" class=\"alignleft wp-image-189 \" src=\"http:\/\/hausundwohnen.de\/Word\/wordpress\/wp-content\/uploads\/2017\/07\/DIG-Immobilien-Logo-Immonet.jpg\" alt=\"\" width=\"161\" height=\"161\" srcset=\"https:\/\/hausundwohnen.de\/wp-content\/uploads\/2017\/07\/DIG-Immobilien-Logo-Immonet.jpg 366w, https:\/\/hausundwohnen.de\/wp-content\/uploads\/2017\/07\/DIG-Immobilien-Logo-Immonet-150x150.jpg 150w, https:\/\/hausundwohnen.de\/wp-content\/uploads\/2017\/07\/DIG-Immobilien-Logo-Immonet-300x300.jpg 300w, https:\/\/hausundwohnen.de\/wp-content\/uploads\/2017\/07\/DIG-Immobilien-Logo-Immonet-200x200.jpg 200w\" sizes=\"auto, (max-width: 161px) 100vw, 161px\" \/>DIG Immobilien-Vertriebs GmbH<br \/>Sch\u00f6ne Aussicht 12<br \/>57520 Emmerzhausen<br \/>Tel.: 02743 \/ 9200-31<br \/>Fax: 02743 \/ 9200-29<br \/>E-Mail: Info@DIG-Immobilien.de<\/p>\n\n\n<p>Derzeit sind folgende Jobs bei uns verf\u00fcgbar:<\/p>\n","protected":false},"excerpt":{"rendered":"<p>Baufinanzierungsberater Wir suchen: Motivierte und engagierte Finanzierungsberater, die entweder eine abgeschlossene Ausbildung als Bankkaufmann \/ -frau oder mindestens 1 Jahr Erfahrung in der Baufinanzierungsberatung gesammelt haben. Ihre F\u00e4higkeiten im Umgang mit Zahlen, Menschen und deren Pers\u00f6nlichkeiten runden Ihr Profil ab. F\u00fcr junge Nachwuchstalente mit einer kaufm\u00e4nnischen Ausbildung und einem Gef\u00fchl &hellip;<\/p>\n","protected":false},"author":1,"featured_media":0,"parent":0,"menu_order":0,"comment_status":"closed","ping_status":"closed","template":"","meta":{"footnotes":""},"class_list":["post-171","page","type-page","status-publish","hentry"],"yoast_head":"<!-- This site is optimized with the Yoast SEO plugin v26.6 - https:\/\/yoast.com\/wordpress\/plugins\/seo\/ -->\n<title>Jobs - Ihr Partner f\u00fcr Ihre Finanzen und Baufinanzierungen<\/title>\n<meta name=\"description\" content=\"Der Weg zum Eigenheim f\u00fchrt \u00fcber die Baufinanzierung. Wir, die Firma Haus&amp;Wohnen bieten Ihnen eine individuelle, ma\u00dfgenaue und vor allen Dingen komplette Baufinanzierung.\" \/>\n<meta name=\"robots\" content=\"index, follow, max-snippet:-1, max-image-preview:large, max-video-preview:-1\" \/>\n<link rel=\"canonical\" href=\"https:\/\/hausundwohnen.de\/?page_id=171\" \/>\n<meta property=\"og:locale\" content=\"de_DE\" \/>\n<meta property=\"og:type\" content=\"article\" \/>\n<meta property=\"og:title\" content=\"Jobs - Ihr Partner f\u00fcr Ihre Finanzen und Baufinanzierungen\" \/>\n<meta property=\"og:description\" content=\"Der Weg zum Eigenheim f\u00fchrt \u00fcber die Baufinanzierung. Wir, die Firma Haus&amp;Wohnen bieten Ihnen eine individuelle, ma\u00dfgenaue und vor allen Dingen komplette Baufinanzierung.\" \/>\n<meta property=\"og:url\" content=\"https:\/\/hausundwohnen.de\/?page_id=171\" \/>\n<meta property=\"og:site_name\" content=\"Ihr Partner f\u00fcr Ihre Finanzen und Baufinanzierungen\" \/>\n<meta property=\"article:modified_time\" content=\"2021-02-19T12:50:28+00:00\" \/>\n<meta property=\"og:image\" content=\"http:\/\/hausundwohnen.de\/Word\/wordpress\/wp-content\/uploads\/2017\/07\/Logo.jpg\" \/>\n<meta name=\"twitter:card\" content=\"summary_large_image\" \/>\n<meta name=\"twitter:label1\" content=\"Gesch\u00e4tzte Lesezeit\" \/>\n\t<meta name=\"twitter:data1\" content=\"3\u00a0Minuten\" \/>\n<script type=\"application\/ld+json\" class=\"yoast-schema-graph\">{\"@context\":\"https:\/\/schema.org\",\"@graph\":[{\"@type\":\"WebPage\",\"@id\":\"https:\/\/hausundwohnen.de\/?page_id=171\",\"url\":\"https:\/\/hausundwohnen.de\/?page_id=171\",\"name\":\"Jobs - Ihr Partner f\u00fcr Ihre Finanzen und Baufinanzierungen\",\"isPartOf\":{\"@id\":\"https:\/\/hausundwohnen.de\/#website\"},\"primaryImageOfPage\":{\"@id\":\"https:\/\/hausundwohnen.de\/?page_id=171#primaryimage\"},\"image\":{\"@id\":\"https:\/\/hausundwohnen.de\/?page_id=171#primaryimage\"},\"thumbnailUrl\":\"http:\/\/hausundwohnen.de\/Word\/wordpress\/wp-content\/uploads\/2017\/07\/Logo.jpg\",\"datePublished\":\"2017-07-12T07:51:35+00:00\",\"dateModified\":\"2021-02-19T12:50:28+00:00\",\"description\":\"Der Weg zum Eigenheim f\u00fchrt \u00fcber die Baufinanzierung. Wir, die Firma Haus&Wohnen bieten Ihnen eine individuelle, ma\u00dfgenaue und vor allen Dingen komplette Baufinanzierung.\",\"breadcrumb\":{\"@id\":\"https:\/\/hausundwohnen.de\/?page_id=171#breadcrumb\"},\"inLanguage\":\"de\",\"potentialAction\":[{\"@type\":\"ReadAction\",\"target\":[\"https:\/\/hausundwohnen.de\/?page_id=171\"]}]},{\"@type\":\"ImageObject\",\"inLanguage\":\"de\",\"@id\":\"https:\/\/hausundwohnen.de\/?page_id=171#primaryimage\",\"url\":\"http:\/\/hausundwohnen.de\/Word\/wordpress\/wp-content\/uploads\/2017\/07\/Logo.jpg\",\"contentUrl\":\"http:\/\/hausundwohnen.de\/Word\/wordpress\/wp-content\/uploads\/2017\/07\/Logo.jpg\"},{\"@type\":\"BreadcrumbList\",\"@id\":\"https:\/\/hausundwohnen.de\/?page_id=171#breadcrumb\",\"itemListElement\":[{\"@type\":\"ListItem\",\"position\":1,\"name\":\"Startseite\",\"item\":\"https:\/\/hausundwohnen.de\/\"},{\"@type\":\"ListItem\",\"position\":2,\"name\":\"Jobs\"}]},{\"@type\":\"WebSite\",\"@id\":\"https:\/\/hausundwohnen.de\/#website\",\"url\":\"https:\/\/hausundwohnen.de\/\",\"name\":\"Ihr Partner f\u00fcr Ihre Finanzen und Baufinanzierungen\",\"description\":\"Ihre Finanzplanung\",\"publisher\":{\"@id\":\"https:\/\/hausundwohnen.de\/#organization\"},\"potentialAction\":[{\"@type\":\"SearchAction\",\"target\":{\"@type\":\"EntryPoint\",\"urlTemplate\":\"https:\/\/hausundwohnen.de\/?s={search_term_string}\"},\"query-input\":{\"@type\":\"PropertyValueSpecification\",\"valueRequired\":true,\"valueName\":\"search_term_string\"}}],\"inLanguage\":\"de\"},{\"@type\":\"Organization\",\"@id\":\"https:\/\/hausundwohnen.de\/#organization\",\"name\":\"Haus & Wohnen GmbH\",\"url\":\"https:\/\/hausundwohnen.de\/\",\"logo\":{\"@type\":\"ImageObject\",\"inLanguage\":\"de\",\"@id\":\"https:\/\/hausundwohnen.de\/#\/schema\/logo\/image\/\",\"url\":\"https:\/\/hausundwohnen.de\/wp-content\/uploads\/2021\/02\/HW-Logo-mittel-rgb.jpg\",\"contentUrl\":\"https:\/\/hausundwohnen.de\/wp-content\/uploads\/2021\/02\/HW-Logo-mittel-rgb.jpg\",\"width\":500,\"height\":336,\"caption\":\"Haus & Wohnen GmbH\"},\"image\":{\"@id\":\"https:\/\/hausundwohnen.de\/#\/schema\/logo\/image\/\"}}]}<\/script>\n<!-- \/ Yoast SEO plugin. -->","yoast_head_json":{"title":"Jobs - Ihr Partner f\u00fcr Ihre Finanzen und Baufinanzierungen","description":"Der Weg zum Eigenheim f\u00fchrt \u00fcber die Baufinanzierung. Wir, die Firma Haus&Wohnen bieten Ihnen eine individuelle, ma\u00dfgenaue und vor allen Dingen komplette Baufinanzierung.","robots":{"index":"index","follow":"follow","max-snippet":"max-snippet:-1","max-image-preview":"max-image-preview:large","max-video-preview":"max-video-preview:-1"},"canonical":"https:\/\/hausundwohnen.de\/?page_id=171","og_locale":"de_DE","og_type":"article","og_title":"Jobs - Ihr Partner f\u00fcr Ihre Finanzen und Baufinanzierungen","og_description":"Der Weg zum Eigenheim f\u00fchrt \u00fcber die Baufinanzierung. Wir, die Firma Haus&Wohnen bieten Ihnen eine individuelle, ma\u00dfgenaue und vor allen Dingen komplette Baufinanzierung.","og_url":"https:\/\/hausundwohnen.de\/?page_id=171","og_site_name":"Ihr Partner f\u00fcr Ihre Finanzen und Baufinanzierungen","article_modified_time":"2021-02-19T12:50:28+00:00","og_image":[{"url":"http:\/\/hausundwohnen.de\/Word\/wordpress\/wp-content\/uploads\/2017\/07\/Logo.jpg","type":"","width":"","height":""}],"twitter_card":"summary_large_image","twitter_misc":{"Gesch\u00e4tzte Lesezeit":"3\u00a0Minuten"},"schema":{"@context":"https:\/\/schema.org","@graph":[{"@type":"WebPage","@id":"https:\/\/hausundwohnen.de\/?page_id=171","url":"https:\/\/hausundwohnen.de\/?page_id=171","name":"Jobs - Ihr Partner f\u00fcr Ihre Finanzen und Baufinanzierungen","isPartOf":{"@id":"https:\/\/hausundwohnen.de\/#website"},"primaryImageOfPage":{"@id":"https:\/\/hausundwohnen.de\/?page_id=171#primaryimage"},"image":{"@id":"https:\/\/hausundwohnen.de\/?page_id=171#primaryimage"},"thumbnailUrl":"http:\/\/hausundwohnen.de\/Word\/wordpress\/wp-content\/uploads\/2017\/07\/Logo.jpg","datePublished":"2017-07-12T07:51:35+00:00","dateModified":"2021-02-19T12:50:28+00:00","description":"Der Weg zum Eigenheim f\u00fchrt \u00fcber die Baufinanzierung. Wir, die Firma Haus&Wohnen bieten Ihnen eine individuelle, ma\u00dfgenaue und vor allen Dingen komplette Baufinanzierung.","breadcrumb":{"@id":"https:\/\/hausundwohnen.de\/?page_id=171#breadcrumb"},"inLanguage":"de","potentialAction":[{"@type":"ReadAction","target":["https:\/\/hausundwohnen.de\/?page_id=171"]}]},{"@type":"ImageObject","inLanguage":"de","@id":"https:\/\/hausundwohnen.de\/?page_id=171#primaryimage","url":"http:\/\/hausundwohnen.de\/Word\/wordpress\/wp-content\/uploads\/2017\/07\/Logo.jpg","contentUrl":"http:\/\/hausundwohnen.de\/Word\/wordpress\/wp-content\/uploads\/2017\/07\/Logo.jpg"},{"@type":"BreadcrumbList","@id":"https:\/\/hausundwohnen.de\/?page_id=171#breadcrumb","itemListElement":[{"@type":"ListItem","position":1,"name":"Startseite","item":"https:\/\/hausundwohnen.de\/"},{"@type":"ListItem","position":2,"name":"Jobs"}]},{"@type":"WebSite","@id":"https:\/\/hausundwohnen.de\/#website","url":"https:\/\/hausundwohnen.de\/","name":"Ihr Partner f\u00fcr Ihre Finanzen und Baufinanzierungen","description":"Ihre Finanzplanung","publisher":{"@id":"https:\/\/hausundwohnen.de\/#organization"},"potentialAction":[{"@type":"SearchAction","target":{"@type":"EntryPoint","urlTemplate":"https:\/\/hausundwohnen.de\/?s={search_term_string}"},"query-input":{"@type":"PropertyValueSpecification","valueRequired":true,"valueName":"search_term_string"}}],"inLanguage":"de"},{"@type":"Organization","@id":"https:\/\/hausundwohnen.de\/#organization","name":"Haus & Wohnen GmbH","url":"https:\/\/hausundwohnen.de\/","logo":{"@type":"ImageObject","inLanguage":"de","@id":"https:\/\/hausundwohnen.de\/#\/schema\/logo\/image\/","url":"https:\/\/hausundwohnen.de\/wp-content\/uploads\/2021\/02\/HW-Logo-mittel-rgb.jpg","contentUrl":"https:\/\/hausundwohnen.de\/wp-content\/uploads\/2021\/02\/HW-Logo-mittel-rgb.jpg","width":500,"height":336,"caption":"Haus & Wohnen GmbH"},"image":{"@id":"https:\/\/hausundwohnen.de\/#\/schema\/logo\/image\/"}}]}},"_links":{"self":[{"href":"https:\/\/hausundwohnen.de\/index.php?rest_route=\/wp\/v2\/pages\/171","targetHints":{"allow":["GET"]}}],"collection":[{"href":"https:\/\/hausundwohnen.de\/index.php?rest_route=\/wp\/v2\/pages"}],"about":[{"href":"https:\/\/hausundwohnen.de\/index.php?rest_route=\/wp\/v2\/types\/page"}],"author":[{"embeddable":true,"href":"https:\/\/hausundwohnen.de\/index.php?rest_route=\/wp\/v2\/users\/1"}],"replies":[{"embeddable":true,"href":"https:\/\/hausundwohnen.de\/index.php?rest_route=%2Fwp%2Fv2%2Fcomments&post=171"}],"version-history":[{"count":28,"href":"https:\/\/hausundwohnen.de\/index.php?rest_route=\/wp\/v2\/pages\/171\/revisions"}],"predecessor-version":[{"id":384,"href":"https:\/\/hausundwohnen.de\/index.php?rest_route=\/wp\/v2\/pages\/171\/revisions\/384"}],"wp:attachment":[{"href":"https:\/\/hausundwohnen.de\/index.php?rest_route=%2Fwp%2Fv2%2Fmedia&parent=171"}],"curies":[{"name":"wp","href":"https:\/\/api.w.org\/{rel}","templated":true}]}}